what is 2 + -11aaf92?
-11aaf90
In base 7, what is -42 - 51646413?
-51646455
In base 10, what is -10 - -2559969?
2559959
In base 11, what is 7 - -1428795?
14287a1
In base 2, what is -110000011 + 11100101111100?
11011111111001
In base 15, what is -6c81d - 2b7?
-6cad5
In base 5, what is 4 + 2144312044?
2144312103
In base 12, what is -552155 + -31?
-552186
In base 11, what is 2 + 524a541?
524a543
In base 8, what is -245057 - -32?
-245025
In base 16, what is -f6f + c79?
-2f6
In base 16, what is -18 - -3942f?
39417
In base 10, what is -3839 - 2729?
-6568
In base 3, what is 12101 + -1110100000?
-1110010122
In base 2, what is -1100000100100 + -1101110011111?
-11001111000011
In base 2, what is 1000101011110001100000 + -1110010?
1000101011101111101110
In base 15, what is -d2 - -3d9d?
3cbb
In base 9, what is 6381 - 371?
6010
In base 4, what is -113021 - 13103222?
-13222303
In base 5, what is 100321 + -1143?
44123
In base 11, what is 425629 + -47?
425592
In base 2, what is 110100101 - 110000010111011?
-101111100010110
In base 3, what is -2011121 + -1201011220?
-1210100111
In base 9, what is -2454 - 87145?
-100610
In base 4, what is -2121301132 + -12?
-2121301210
In base 13, what is -34c + 143c75?
143926
In base 9, what is -822 + 1055221?
1054288
In base 6, what is 1544102321 + -3?
1544102314
In base 11, what is -4 - -50255a?
502556
In base 8, what is 55 - -216376?
216453
In base 2, what is 10000 - -10100101111111111010?
10100110000000001010
In base 2, what is -110110111101101000100010 - 1011?
-110110111101101000101101
In base 10, what is -407 - 81680?
-82087
In base 15, what is -2 - -5a680e5?
5a680e3
In base 12, what is 2 + b28a695?
b28a697
In base 7, what is 1335 - 30232?
-25564
In base 13, what is -4 - 5708020?
-5708024
In base 8, what is -5026 + 50543?
43515
In base 4, what is 3010001113013 - 0?
3010001113013
In base 4, what is -20131210302 - -11?
-20131210231
In base 2, what is 1010101101 - -10001011111001?
10010110100110
In base 7, what is -403656223 - -4?
-403656216
In base 5, what is 2322133 + 141422?
3014110
In base 13, what is 4ac + -5a58c?
-5a0b0
In base 3, what is -102102101211020201 - -11?
-102102101211020120
In base 15, what is -1e - -3ec766?
3ec747
In base 16, what is 288 - 48a37?
-487af
In base 7, what is -30150235 - -51?
-30150154
In base 11, what is 1176a6 + -27?
11767a
In base 8, what is -1 + -73506313?
-73506314
In base 4, what is 1133120310002 + 0?
1133120310002
In base 10, what is -2065104 - 10?
-2065114
In base 14, what is 248b1a8 - -4?
248b1ac
In base 6, what is -2511435 + -10324?
-2522203
In base 2, what is 1011100001001 - 101110000110?
101110000011
In base 6, what is -2125420123 - 3?
-2125420130
In base 10, what is -111219 + -733?
-111952
In base 15, what is 12428856 - 4?
12428852
In base 13, what is -1277c961a + -3?
-1277c9620
In base 11, what is -186a9 + -1a01?
-1a5aa
In base 10, what is -26532 - 213?
-26745
In base 13, what is 2717a6 - -9?
2717b2
In base 4, what is -1021021 - 23002?
-1110023
In base 4, what is 310022 - 12211?
231211
In base 15, what is -42db99 - 3?
-42db9c
In base 5, what is -1340212033221 - -2?
-1340212033214
In base 11, what is a + -a493?
-a484
In base 4, what is -230312232 + -113?
-230313011
In base 4, what is 112113 - -12220?
130333
In base 6, what is 153210 + 53353?
251003
In base 10, what is 4302 + -3527?
775
In base 5, what is 1301 - 41212121?
-41210320
In base 8, what is 4 + 65105030?
65105034
In base 9, what is -86 - 324344?
-324441
In base 12, what is 5 - -172282b?
1722834
In base 12, what is 11 - -6b2a1?
6b2b2
In base 5, what is -10330023 + -13410?
-10343433
In base 12, what is -121a2a3 - 4?
-121a2a7
In base 3, what is -10112120001122 - 101220?
-10112120110112
In base 2, what is -10110100011001000010010101 + -10?
-10110100011001000010010111
In base 11, what is 23353 + 7a39?
30291
In base 9, what is -1468 + 143?
-1325
In base 13, what is 469b0 + 22?
46a02
In base 6, what is 15541 - 224241?
-204300
In base 7, what is 115 + -604601?
-604453
In base 5, what is 1121400134031 - 3?
1121400134023
In base 8, what is -31375417 + -2?
-31375421
In base 6, what is -3003410 + 1342?
-3002024
In base 8, what is 4 - 11777701?
-11777675
In base 16, what is -f6e2c5 - 5?
-f6e2ca
In base 12, what is -8 + 23256150?
23256144
In base 9, what is -13 - -14712061?
14712047
In base 2, what is -1001100 - 10001111001110100?
-10001111011000000
In base 9, what is -172672754 - 2?
-172672756
In base 13, what is 16 - 1238259?
-1238243
In base 6, what is -500330 + 3?
-500323
In base 14, what is 2c2d682 - -1?
2c2d683
In base 5, what is 13141124 + -11?
13141113
In base 3, what is -11 + 11222000022221?
11222000022210
In base 15, what is 206 - 61dd?
-5ed7
In base 13, what is -56cb - 4b15?
-a513
In base 16, what is 124f380 - 3?
124f37d
In base 16, what is -25 + -8c370?
-8c395
In base 16, what is -6a4cf4 + d?
-6a4ce7
In base 16, what is 1c291 - 48?
1c249
In base 2, what is 10011001110110110000110 + 0?
10011001110110110000110
In base 5, what is -3 + -1214211132?
-1214211140
In base 9, what is 172551 - 6160?
165381
In base 2, what is 1011001100010110100000111010 + -10?
1011001100010110100000111000
In base 16, what is -5 + 1b7a22?
1b7a1d
In base 3, what is -202222111000 - 112?
-202222111112
In base 14, what is -1c + -4ab076?
-4ab094
In base 15, what is 1 - -35a47d7?
35a47d8
In base 4, what is 123320 - -13231300?
20021220
In base 12, what is 36bbb836 - -1?
36bbb837
In base 7, what is -5035660 + -100?
-5036060
In base 8, what is -113651230 + 11?
-113651217
In base 13, what is 196452 + 86?
196508
In base 6, what is 1132103 + -32400?
1055303
In base 16, what is 44b + -274?
1d7
In base 15, what is 97b + 67b99?
68625
In base 9, what is -6648 + 5074?
-1564
In base 15, what is -1e58a17a - -3?
-1e58a177
In base 2, what is 11011010101010000101010 + 0?
11011010101010000101010
In base 8, what is 4627 - -5412?
12241
In base 3, what is -12 + 1000010101100112?
1000010101100100
In base 4, what is -10212110 - 11220?
-10223330
In base 12, what is 3591a1b3 - -7?
3591a1ba
In base 5, what is 11 + -1223103242?
-1223103231
In base 3, what is -12 - 20102210212211?
-20102210220000
In base 8, what is -23042426 + 135?
-23042271
In base 11, what is 10186 - -518?
106a3
In base 8, what is 10465675 - 5?
10465670
In base 15, what is 7d55a8 - 0?
7d55a8
In base 11, what is -8 - 3a69a3?
-3a6a00
In base 3, what is -111122 - -1102120022021?
1102112210122
In base 8, what is 37 - -1327740?
1327777
In base 12, what is -21 + 3042353?
3042332
In base 14, what is -1a429 - -2dd?
-1a12a
In base 9, what is -174764 + -8853?
-184727
In base 13, what is -57956 + 460?
-574c6
In base 14, what is 5 + 9a5d5b?
9a5d62
In base 6, what is 10 + 23013432?
23013442
In base 13, what is 1ca - 84?
146
In base 16, what is 7a + -519?
-49f
In base 9, what is 70321 - -744?
71165
In base 14, what is -c + 1b14b2?
1b14a4
In base 14, what is 16 + -136182?
-13616a
In base 10, what is -9 - -4662429?
4662420
In base 13, what is -4325b2c - 5?
-4325b34
In base 16, what is 38ee - 1f?
38cf
In base 11, what is -3023161 - -7?
-3023155
In base 3, what is -100212200 + -1121011?
-102110211
In base 5, what is -2113401303 + 1?
-2113401302
In base 8, what is 151413 + -774?
150417
In base 12, what is 28415a - 4b?
28410b
In base 5, what is -1313 + 1443343?
1442030
In base 9, what is -375681 + 8?
-375672
In base 5, what is -1 + 442200410?
442200404
In base 9, what is -10010 + 505?
-8404
In base 5, what is -1200320200 - -1023?
-1200314122
In base 10, what is 2 - 921?
-919
In base 8, what is -4316 + -1002?
-5320
In base 3, what is -1010221 - -10022021?
2011100
In base 2, what is 1101000110010000000111 + 1?
1101000110010000001000
In base 4, what is -1133023 + 101?
-1132322
In base 9, what is 18430014 + 88?
18430113
In base 6, what is 20451 + 144322?
205213
In base 8, what is 601550 - 453?
601075
In base 14, what is 767c9 - 691?
76138
In base 8, what is -7221 - -1450?
-5551
In base 12, what is 1 + 650028?
650029
In base 8, what is 101747515 - -4?
101747521
In base 7, what is 360000215 - -3?
360000221
In base 2, what is 1110000001011101111110010 - 1000?
1110000001011101111101010
In base 7, what is 223234 + -20541?
202363
In base 12, what is 5b5124 + 28?
5b5150
In base 13, what is -35564 + -3b8?
-3594c
In base 6, what is -20555 - 10